{"id":343,"date":"2021-12-09T10:39:12","date_gmt":"2021-12-09T10:39:12","guid":{"rendered":"http:\/\/flaset.se.loopiadns.com\/?page_id=343"},"modified":"2026-05-14T12:07:54","modified_gmt":"2026-05-14T12:07:54","slug":"medlemssidan","status":"publish","type":"page","link":"https:\/\/flaset.se\/?page_id=343","title":{"rendered":"Medlemssidan"},"content":{"rendered":"\n<p><\/p>\n\n\n\n<h2 class=\"wp-block-heading\">Kalender 2026 (delvis prelimin\u00e4r)<\/h2>\n\n\n\n<figure class=\"wp-block-table is-style-stripes\"><table><tbody><tr><td><strong>Datum<\/strong><\/td><td><strong>Aktivitet<\/strong><\/td><\/tr><tr><td>Tisdag 14 april 19.00<\/td><td>\u00c5rsm\u00f6te<\/td><\/tr><tr><td>Torsdag 30 april 19.50-20.45<\/td><td>Valborgsm\u00e4ssoafton i H\u00f6kar\u00e4ngen<\/td><\/tr><tr><td>L\u00f6rdag 23 maj  12.30-13.30<\/td><td>Bl\u00e5smusikens dag &#8211; Sickla \/ Nobelberget Marknad<\/td><\/tr><tr><td>S\u00f6ndag 24 maj 11.00-13.00<\/td><td>\u00c5rsta koloniomr\u00e5de, v\u00e5rmarknad<\/td><\/tr><tr><td>L\u00f6rdag 30 maj 12.40-14.20 <\/td><td>Stockholm Maraton, Djurg\u00e5rden<\/td><\/tr><tr><td>L\u00f6rdag 6 juni 11.00-11.30<\/td><td>Slussendagen, invigning<\/td><\/tr><tr><td>L\u00f6rdag 6 juni 13.00-14.00<\/td><td>Tantolunden, Nationaldagsfirande<\/td><\/tr><tr><td>S\u00f6ndag 7 juni 15.00-17.00<\/td><td>Konditori Lyran<\/td><\/tr><tr><td>S\u00f6ndag 23 augusti 15.00-17.00<\/td><td>Konditori Lyran <\/td><\/tr><tr><td>S\u00f6ndag 6 september 11.00-13.00<\/td><td>\u00c5rsta koloniomr\u00e5de, h\u00f6stmarknad<\/td><\/tr><tr><td>M\u00e5ndag 19 oktober 19.30-20.45<\/td><td>Konsert gemensamt med Nacka Musikskola och SJM<\/td><\/tr><tr><td>L\u00f6rdag 21 november 12.45-13.45<\/td><td>Stortorgets julmarknad<\/td><\/tr><tr><td>S\u00f6ndag 6 december 12.00-13.00<\/td><td>Stockholm Santa Run<\/td><\/tr><tr><td>Fredag 11 december 07.45-08.45<\/td><td>Slussen, Luciamorgon<\/td><\/tr><\/tbody><\/table><\/figure>\n\n\n\n<p class=\"has-medium-font-size\"><strong>P\u00e5g\u00e5ende verksamhet<\/strong><\/p>\n\n\n\n<ul>\n<li>\u00d6var till sommarens spelningar<\/li>\n<\/ul>\n\n\n\n<h2 class=\"wp-block-heading\">Evergreens &#8211; l\u00e5tar som man underh\u00e5ller sj\u00e4lv<\/h2>\n\n\n\n<ul>\n<li><em><strong>Se \u00e4ven repertoarlista med l\u00e5tar som kopieras fr\u00e5n v\u00e4ska till svarta p\u00e4rmen<\/strong><\/em><\/li>\n\n\n\n<li>4 V\u00e5rat g\u00e4ng<\/li>\n\n\n\n<li>22 F\u00f6r lite luft<\/li>\n\n\n\n<li>23 Gamla Stan<\/li>\n\n\n\n<li>26<\/li>\n\n\n\n<li>27<\/li>\n\n\n\n<li>28<\/li>\n\n\n\n<li>29<\/li>\n\n\n\n<li>30<\/li>\n\n\n\n<li>33<\/li>\n\n\n\n<li>38<\/li>\n\n\n\n<li>48<\/li>\n\n\n\n<li>88<\/li>\n\n\n\n<li>101<\/li>\n\n\n\n<li>171<\/li>\n\n\n\n<li>172<\/li>\n\n\n\n<li>189<\/li>\n\n\n\n<li>207<\/li>\n\n\n\n<li>Bluesette<\/li>\n\n\n\n<li>Stockholm i mitt hj\u00e4rta<\/li>\n\n\n\n<li>Ta av dig skorna<\/li>\n\n\n\n<li>Vatten<\/li>\n\n\n\n<li>Vi \u00e4r svenska fotbollsgrabbar<\/li>\n\n\n\n<li>\u00d6l<\/li>\n<\/ul>\n","protected":false},"excerpt":{"rendered":"<p>Kalender 2026 (delvis prelimin\u00e4r) Datum Aktivitet Tisdag 14 april 19.00 \u00c5rsm\u00f6te Torsdag 30 april 19.50-20.45 Valborgsm\u00e4ssoafton i H\u00f6kar\u00e4ngen L\u00f6rdag 23 maj 12.30-13.30 Bl\u00e5smusikens dag &#8211; Sickla \/ Nobelberget Marknad S\u00f6ndag 24 maj 11.00-13.00 \u00c5rsta koloniomr\u00e5de, v\u00e5rmarknad L\u00f6rdag 30 maj 12.40-14.20 Stockholm Maraton, Djurg\u00e5rden L\u00f6rdag 6 juni 11.00-11.30 Slussendagen, invigning L\u00f6rdag 6 juni 13.00-14.00 Tantolunden, Nationaldagsfirande [&hellip;]<\/p>\n","protected":false},"author":4,"featured_media":0,"parent":0,"menu_order":0,"comment_status":"closed","ping_status":"closed","template":"","meta":{"footnotes":""},"wppr_data":{"cwp_meta_box_check":"No"},"_links":{"self":[{"href":"https:\/\/flaset.se\/index.php?rest_route=\/wp\/v2\/pages\/343"}],"collection":[{"href":"https:\/\/flaset.se\/index.php?rest_route=\/wp\/v2\/pages"}],"about":[{"href":"https:\/\/flaset.se\/index.php?rest_route=\/wp\/v2\/types\/page"}],"author":[{"embeddable":true,"href":"https:\/\/flaset.se\/index.php?rest_route=\/wp\/v2\/users\/4"}],"replies":[{"embeddable":true,"href":"https:\/\/flaset.se\/index.php?rest_route=%2Fwp%2Fv2%2Fcomments&post=343"}],"version-history":[{"count":71,"href":"https:\/\/flaset.se\/index.php?rest_route=\/wp\/v2\/pages\/343\/revisions"}],"predecessor-version":[{"id":826,"href":"https:\/\/flaset.se\/index.php?rest_route=\/wp\/v2\/pages\/343\/revisions\/826"}],"wp:attachment":[{"href":"https:\/\/flaset.se\/index.php?rest_route=%2Fwp%2Fv2%2Fmedia&parent=343"}],"curies":[{"name":"wp","href":"https:\/\/api.w.org\/{rel}","templated":true}]}}